{"id":3079,"date":"2012-09-23T16:16:36","date_gmt":"2012-09-23T14:16:36","guid":{"rendered":"https:\/\/www.zahnarztpraxis-hufschmidt.de\/?page_id=3079"},"modified":"2024-04-05T12:32:57","modified_gmt":"2024-04-05T10:32:57","slug":"zahnfleischerkrankungen","status":"publish","type":"page","link":"https:\/\/www.zahnarztpraxis-hufschmidt.de\/?page_id=3079","title":{"rendered":"Zahnfleischerkrankungen (Parodontitis)"},"content":{"rendered":"<p>Die gef\u00e4hrlichste Form der Zahnfleischerkrankungen ist die \u201eParodontitis\u201c.<\/p>\n<p>Eine \u201e-itis\u201c ist immer eine entz\u00fcndliche Erkrankung.<\/p>\n<p>Alarmzeichen sind:<\/p>\n<ul>\n<li>&nbsp;Zahnfleischbluten<\/li>\n<li>ger\u00f6teter oder geschwollener Zahnfleischsaum<\/li>\n<li>Zahnwanderung<\/li>\n<li>&nbsp;Zahnlockerung<\/li>\n<\/ul>\n<p>Aber auch unbemerkt vom Patienten kann die Erkrankung langsam bis zum Zahnverlust voranschreiten.<\/p>\n<p>In Anbetracht der H\u00e4ufigkeit der Erkrankungen wird die Parodontitis in Deutschland zu wenig behandelt!<\/p>\n<p>Ab ca. dem 45. Lebensjahr gehen mehr Z\u00e4hne durch Parodontitis verloren als durch Karies.<\/p>\n<p><em>Was passiert dabei?<\/em><\/p>\n<p>Bakterien, die sich besonders zwischen den Z\u00e4hnen und am Zahnfleischsaum einnisten, verursachen zun\u00e4chst eine Zahnfleischentz\u00fcndung. Bei vielen Menschen greift diese Entz\u00fcndung auf den Kieferknochen \u00fcber, der sich mit ganz unterschiedlicher Geschwindigkeit abbaut. Manchmal dauert es Jahrzehnte, manchmal nur wenige Jahre, bis der Knochen, der die Z\u00e4hne h\u00e4lt, soweit abgebaut ist, dass Z\u00e4hne locker werden, schmerzhafte Entz\u00fcndungen entstehen und es zum Zahnausfall kommt.<\/p>\n<p><em>Was kann man dagegen tun?<\/em><\/p>\n<p>Das fr\u00fchzeitige Erkennen der Erkrankung ist sehr wichtig. Der einmal verlorene Kieferknochen ist kaum wieder herstellbar.<\/p>\n<p>Eine Parodontitisbehandlung gliedert sich in mehrere Abschnitte:<\/p>\n<ol start=\"1\">\n<li><span style=\"text-decoration: underline;\"><span style=\"text-decoration: underline;\">Hygienephase<\/span><\/span><\/li>\n<\/ol>\n<p>Hier wird das Gebiss gr\u00fcndlich durch sogenannte professionelle Zahnreinigung ges\u00e4ubert. Dadurch werden auch die verborgensten Winkel und Nischen erreicht, die man bei gr\u00fcndlichem Putzen selbst nicht sauber bekommt. Schmutznischen (z. B. abstehende F\u00fcllungsr\u00e4nder) werden beseitigt. Sie erlernen eine auf die individuelle Gebisssituation abgestimmte Mundhygiene. Ihre perfekte h\u00e4usliche Pflege ist der halbe Therapieerfolg.<\/p>\n<ol start=\"2\">\n<li><span style=\"text-decoration: underline;\"><span style=\"text-decoration: underline;\">Therapie<\/span><\/span><\/li>\n<\/ol>\n<p>Hier werden die in den Zahnfleischtaschen sitzenden Bakterien und Bel\u00e4ge entfernt. Ich bevorzuge die schonende und dennoch gr\u00fcndliche Reinigung mit Ultraschallger\u00e4ten. In besonders gelagerten Situationen kann es sinnvoll sein, in einem sp\u00e4teren Therapieschritt eine Behandlung operativ durchzuf\u00fchren. Hierbei gibt es Techniken, bei denen versucht wird, verlorenen Kieferknochen wieder \u201enachzuz\u00fcchten&#8220;.<\/p>\n<ol start=\"3\">\n<li><span style=\"text-decoration: underline;\"><span style=\"text-decoration: underline;\">Nachsorge<\/span><\/span><\/li>\n<\/ol>\n<p>Da man die Bakterienzahl nur reduzieren kann, die Mundh\u00f6hle aber nicht bakterienfrei bekommt, ist eine Zahnfleischbehandlung nie wirklich abgeschlossen. Die Bakterien wachsen nach und m\u00fcssen durch regelm\u00e4\u00dfige Nachsorge wieder beseitigt werden.<br \/>\nHierzu reicht die &#8222;Professionelle Zahnreinigung&#8220; nicht aus. Sie sollte durch eine regelm\u00e4\u00dfige Reinigung der infizierten Zahnfleischtaschen im Rahmen einer &#8222;Parodontalen Erhaltungstherapie&#8220; erg\u00e4nzt werden.<\/p>\n","protected":false},"excerpt":{"rendered":"<p>Die gef\u00e4hrlichste Form der Zahnfleischerkrankungen ist die \u201eParodontitis\u201c. Eine \u201e-itis\u201c ist immer eine entz\u00fcndliche Erkrankung. Alarmzeichen sind: &nbsp;Zahnfleischbluten ger\u00f6teter oder geschwollener Zahnfleischsaum Zahnwanderung &nbsp;Zahnlockerung Aber auch unbemerkt vom Patienten kann die Erkrankung langsam bis zum Zahnverlust voranschreiten. In Anbetracht der H\u00e4ufigkeit der Erkrankungen wird die Parodontitis in Deutschland zu wenig behandelt! Ab ca. dem 45. Lebensjahr gehen mehr Z\u00e4hne durch Parodontitis verloren als durch Karies. Was passiert dabei? Bakterien, die sich besonders zwischen den Z\u00e4hnen und am Zahnfleischsaum einnisten, verursachen zun\u00e4chst eine Zahnfleischentz\u00fcndung. Bei vielen Menschen greift diese Entz\u00fcndung auf den Kieferknochen \u00fcber, der sich mit ganz unterschiedlicher Geschwindigkeit abbaut. Manchmal dauert es Jahrzehnte, manchmal nur wenige Jahre, bis der Knochen, der die Z\u00e4hne h\u00e4lt, soweit abgebaut ist, dass Z\u00e4hne locker werden, schmerzhafte Entz\u00fcndungen entstehen und es zum Zahnausfall kommt. Was kann man dagegen tun? Das fr\u00fchzeitige Erkennen der Erkrankung ist sehr wichtig. Der einmal verlorene Kieferknochen ist kaum wieder herstellbar. Eine Parodontitisbehandlung gliedert sich in mehrere Abschnitte: Hygienephase Hier wird das Gebiss gr\u00fcndlich durch sogenannte professionelle Zahnreinigung ges\u00e4ubert. Dadurch werden auch die verborgensten Winkel und Nischen erreicht, die man bei gr\u00fcndlichem Putzen selbst nicht sauber bekommt. Schmutznischen (z. B. abstehende F\u00fcllungsr\u00e4nder) werden beseitigt. Sie erlernen eine auf die individuelle Gebisssituation abgestimmte Mundhygiene. Ihre perfekte h\u00e4usliche Pflege ist der halbe Therapieerfolg. Therapie Hier werden die in den Zahnfleischtaschen sitzenden Bakterien und Bel\u00e4ge entfernt. Ich bevorzuge die schonende und dennoch gr\u00fcndliche Reinigung mit Ultraschallger\u00e4ten. In besonders gelagerten Situationen kann es sinnvoll sein, in einem sp\u00e4teren Therapieschritt eine Behandlung operativ durchzuf\u00fchren. Hierbei gibt es Techniken, bei denen versucht wird, verlorenen Kieferknochen wieder \u201enachzuz\u00fcchten&#8220;. Nachsorge Da man die Bakterienzahl nur reduzieren kann, die Mundh\u00f6hle aber nicht bakterienfrei bekommt, ist eine Zahnfleischbehandlung nie wirklich abgeschlossen. Die Bakterien wachsen nach und m\u00fcssen durch regelm\u00e4\u00dfige Nachsorge wieder beseitigt werden. Hierzu reicht die &#8222;Professionelle Zahnreinigung&#8220; nicht aus. Sie sollte durch eine regelm\u00e4\u00dfige Reinigung der infizierten Zahnfleischtaschen im Rahmen einer &#8222;Parodontalen Erhaltungstherapie&#8220; erg\u00e4nzt werden.<\/p>\n","protected":false},"author":6,"featured_media":0,"parent":0,"menu_order":0,"comment_status":"open","ping_status":"open","template":"","meta":{"footnotes":""},"_links":{"self":[{"href":"https:\/\/www.zahnarztpraxis-hufschmidt.de\/index.php?rest_route=\/wp\/v2\/pages\/3079"}],"collection":[{"href":"https:\/\/www.zahnarztpraxis-hufschmidt.de\/index.php?rest_route=\/wp\/v2\/pages"}],"about":[{"href":"https:\/\/www.zahnarztpraxis-hufschmidt.de\/index.php?rest_route=\/wp\/v2\/types\/page"}],"author":[{"embeddable":true,"href":"https:\/\/www.zahnarztpraxis-hufschmidt.de\/index.php?rest_route=\/wp\/v2\/users\/6"}],"replies":[{"embeddable":true,"href":"https:\/\/www.zahnarztpraxis-hufschmidt.de\/index.php?rest_route=%2Fwp%2Fv2%2Fcomments&post=3079"}],"version-history":[{"count":2,"href":"https:\/\/www.zahnarztpraxis-hufschmidt.de\/index.php?rest_route=\/wp\/v2\/pages\/3079\/revisions"}],"predecessor-version":[{"id":3908,"href":"https:\/\/www.zahnarztpraxis-hufschmidt.de\/index.php?rest_route=\/wp\/v2\/pages\/3079\/revisions\/3908"}],"wp:attachment":[{"href":"https:\/\/www.zahnarztpraxis-hufschmidt.de\/index.php?rest_route=%2Fwp%2Fv2%2Fmedia&parent=3079"}],"curies":[{"name":"wp","href":"https:\/\/api.w.org\/{rel}","templated":true}]}}