{"id":3224,"date":"2012-09-23T17:35:15","date_gmt":"2012-09-23T15:35:15","guid":{"rendered":"https:\/\/www.zahnarztpraxis-hufschmidt.de\/?page_id=3224"},"modified":"2024-04-05T18:45:01","modified_gmt":"2024-04-05T16:45:01","slug":"anfahrt","status":"publish","type":"page","link":"https:\/\/www.zahnarztpraxis-hufschmidt.de\/?page_id=3224","title":{"rendered":"Anfahrt"},"content":{"rendered":"\n<p><strong>Mit dem Auto<\/strong><br>Bitte geben Sie Hermann-Heinrich-Meier-Allee 14 in Ihr Navigationsger\u00e4t ein.<\/p>\n\n\n\n<p><strong>Parkm\u00f6glichkeiten<\/strong><br>Kostenlose Parkm\u00f6glichkeiten finden Sie in der Regel direkt vor dem Haus.<\/p>\n\n\n\n<p><strong>Mit \u00f6ffentlichen Verkehrsmitteln<\/strong><br>Stra\u00dfenbahnlinie 6 Richtung Universit\u00e4t<br>Buslinie 22<br>(die Haltestellen hei\u00dfen H.-H.-Meier-Allee)<\/p>\n\n\n\n<div xmlns=\"http:\/\/www.w3.org\/1999\/xhtml\" class=\"falk-routeplanner-widget\" style=\"width: 100%; background: rgb(50, 74, 97);\"><h3><a rel=\"nofollow noopener\" target=\"_blank\" href=\"https:\/\/www.falk.de\/routenplaner\" style=\"color: rgb(255, 255, 255);\">So finden Sie uns!<\/a><\/h3><a rel=\"nofollow noopener\" target=\"_blank\" class=\"falk-logo\" href=\"https:\/\/www.falk.de\/\"><img decoding=\"async\" src=\"https:\/\/www.falk.de\/i\/homepagetools\/falk.png\"><\/a><form accept-charset=\"utf-8\" target=\"_blank\" method=\"get\" action=\"https:\/\/www.falk.de\/\"><div class=\"falk-search-row first\"><button type=\"button\" class=\"falk-location-button\" lang=\"de\" onclick=\"routePlannerWidget.location(this)\"><\/button><input name=\"start\" type=\"text\" class=\"falk-input\" placeholder=\"Start (Stra\u00dfe, PLZ Ort)\"><\/div><div class=\"falk-search-row second\"><div class=\"falk-destination\">B<\/div><input type=\"text\" class=\"falk-input\" placeholder=\"Ziel (Stra\u00dfe, PLZ Ort)\" name=\"dest\"><\/div><div class=\"falk-submit-row\"><div class=\"falk-options\"><div class=\"falk-car active\" style=\"border-color: rgb(255, 255, 255);\" onclick=\"routePlannerWidget.changeType(this, 0)\"><svg xmlns=\"http:\/\/www.w3.org\/2000\/svg\" viewBox=\"0 0 1024 1024\" width=\"20px\" height=\"20px\" style=\"fill: rgb(255, 255, 255); stroke: rgb(255, 255, 255);\"><path d=\"M904.678 698.828h-20.044c-17.894 23.654-45.978 39.168-77.926 39.168s-60.032-15.514-77.926-39.168h-431.872c-17.868 23.654-45.978 39.168-77.926 39.168-40.832 0-75.75-25.01-90.47-60.494l-125.03-17.87 39.168-195.89h117.606l156.724-156.722h313.446l78.362 117.53 39.168 39.194 235.086 39.168 39.168 156.724-117.53 39.194zm-744.422-58.752c0 32.462 26.318 58.778 58.778 58.778s58.778-26.318 58.778-58.778c0-32.462-26.318-58.778-58.778-58.778s-58.778 26.318-58.778 58.778zm274.254-293.862h-78.362l-117.53 117.53h195.89v-117.53zm156.722 0h-117.53v117.53h195.89l-78.362-117.53zm215.5 235.084c-32.462 0-58.778 26.318-58.778 58.778s26.318 58.778 58.778 58.778c32.462 0 58.778-26.318 58.778-58.778-.026-32.462-26.342-58.778-58.778-58.778z\"><\/path><\/svg><\/div><div class=\"falk-walk\" style=\"border-color: rgb(255, 255, 255);\" onclick=\"routePlannerWidget.changeType(this, 1)\"><svg xmlns=\"http:\/\/www.w3.org\/2000\/svg\" viewBox=\"0 0 1024 1024\" width=\"20px\" height=\"20px\" style=\"fill: rgb(255, 255, 255); stroke: rgb(255, 255, 255);\"><path d=\"M708.762 554.138l-117.53-78.362-39.168-39.194v117.53l117.53 117.556 39.168 195.89h-39.168l-78.362-156.724-117.53-78.362-39.168 117.53-117.53 117.53-39.168-39.168 78.362-117.53 39.168-117.53 39.168-195.89-78.362 39.168-39.168 117.53h-39.168l39.168-156.722 117.53-78.362h117.53l39.168 78.362 39.168 39.168 117.53 78.362-39.168 39.22zm-176.308-274.254c-32.462 0-58.778-26.318-58.778-58.778s26.318-58.778 58.778-58.778c32.462 0 58.778 26.318 58.778 58.778s-26.318 58.778-58.778 58.778z\"><\/path><\/svg><\/div><div class=\"falk-bike\" style=\"border-color: rgb(255, 255, 255);\" onclick=\"routePlannerWidget.changeType(this, 2)\"><svg xmlns=\"http:\/\/www.w3.org\/2000\/svg\" viewBox=\"0 0 1024 1024\" width=\"20px\" height=\"20px\" style=\"fill: rgb(255, 255, 255); stroke: rgb(255, 255, 255);\"><path d=\"M786.254 814.822c-99.328 0-182.118-67.584-207.052-159.026-2.816.768-5.478 1.894-8.422 2.304-16.41 2.176-65.972-1.536-124.39-7.398-23.142 94.08-107.442 164.096-208.64 164.096-119.014 0-215.502-96.486-215.502-215.476 0-119.014 96.486-215.5 215.502-215.5 49.486 0 94.514 17.356 130.918 45.39l45.39-45.39v-39.168h-39.168v-39.194h156.724v39.194h-78.362v39.168h274.254v-117.53h-78.362v-39.168h117.53l-6.092 159.308c8.524-1.024 16.896-2.586 25.702-2.586 119.014 0 215.5 96.486 215.5 215.5-.026 118.99-96.512 215.476-215.526 215.476zm-548.506-391.808c-97.382 0-176.306 78.926-176.306 176.308 0 97.356 78.924 176.308 176.306 176.308 80.896 0 148.326-54.784 169.088-129.074-108.108-11.698-227.866-27.648-227.866-27.648l161.972-161.972c-29.056-21.094-64.512-33.92-103.194-33.92zm170.726 134.324c-5.504-22.426-15.18-43.086-28.338-61.21l-83.61 83.61 111.95-22.4zm-.64-88.91c18.304 23.758 31.95 51.098 39.092 81.23l45.49-9.088s54.194-21.966 91.802-13.876c15.182-42.19 42.598-78.362 78.668-103.654h-209.664l-45.39 45.39zm378.42-45.414c-6.99 0-13.644 1.28-20.428 2.048-3.686 9.42-17.51 50.022-.846 91.674 20.148 50.33 80.052 102.17 80.052 102.17h-39.168s-58.214-47.59-77.518-95.846c-14.106-35.25-8.626-70.502-4.25-88.218-51.994 19.686-91.75 63.078-106.88 117.146 18.406 30.514 13.774 61.518-3.712 82.254 16.206 80.64 87.374 141.39 172.774 141.39 97.382 0 176.308-78.95 176.308-176.308-.026-97.382-78.95-176.308-176.332-176.308z\"><\/path><\/svg><\/div><div class=\"falk-transit\" style=\"border-color: rgb(255, 255, 255);\" onclick=\"routePlannerWidget.changeType(this, 3)\"><svg xmlns=\"http:\/\/www.w3.org\/2000\/svg\" viewBox=\"0 0 1024 1024\" width=\"20px\" height=\"20px\" style=\"fill: rgb(255, 255, 255); stroke: rgb(255, 255, 255);\"><path d=\"M199.45 971.546v-39.194h626.866v39.194h-626.866zm39.168-117.556h548.506v39.168h-548.506v-39.168zm509.338-39.168h-470.17v-39.168h470.144v39.168zm-39.194-78.36h-391.782c-43.29 0-78.362-35.072-78.362-78.362v-509.338c0-43.29 35.072-78.362 78.362-78.362h391.808c43.29 0 78.362 35.072 78.362 78.362v509.338c-.026 43.264-35.098 78.362-78.388 78.362zm-391.784-117.556c21.632 0 39.168-17.536 39.168-39.168s-17.536-39.168-39.168-39.168-39.168 17.536-39.168 39.168 17.536 39.168 39.168 39.168zm430.978-430.976c0-21.632-17.536-39.168-39.168-39.168h-391.808c-21.632 0-39.168 17.536-39.168 39.168v117.53c0 21.632 17.536 39.168 39.168 39.168h391.808c21.632 0 39.168-17.536 39.168-39.168v-117.53zm-39.194 352.64c-21.632 0-39.168 17.536-39.168 39.168s17.536 39.168 39.168 39.168 39.168-17.536 39.168-39.168-17.51-39.168-39.168-39.168z\"><\/path><\/svg><\/div><\/div><input type=\"hidden\" name=\"rm\" value=\"0\"><input type=\"hidden\" name=\"widget\" value=\"3000\"><button type=\"submit\" class=\"falk-submit\" style=\"background: rgb(117, 148, 168); color: rgb(255, 255, 255);\">Route berechnen<\/button><div class=\"falk-clear\"><\/div><\/div><\/form><link rel=\"stylesheet\" type=\"text\/css\" href=\"https:\/\/www.falk.de\/css\/build\/app\/routeplanner-widget.css\"><script type=\"text\/javascript\" src=\"https:\/\/www.falk.de\/js\/app\/routeplanner-widget.js\"><\/script><\/div>\n","protected":false},"excerpt":{"rendered":"<p>Mit dem AutoBitte geben Sie Hermann-Heinrich-Meier-Allee 14 in Ihr Navigationsger\u00e4t ein. Parkm\u00f6glichkeitenKostenlose Parkm\u00f6glichkeiten finden Sie in der Regel direkt vor dem Haus. Mit \u00f6ffentlichen VerkehrsmittelnStra\u00dfenbahnlinie 6 Richtung Universit\u00e4tBuslinie 22(die Haltestellen hei\u00dfen H.-H.-Meier-Allee) So finden Sie uns! B Route berechnen<\/p>\n","protected":false},"author":6,"featured_media":0,"parent":0,"menu_order":0,"comment_status":"open","ping_status":"closed","template":"","meta":{"footnotes":""},"_links":{"self":[{"href":"https:\/\/www.zahnarztpraxis-hufschmidt.de\/index.php?rest_route=\/wp\/v2\/pages\/3224"}],"collection":[{"href":"https:\/\/www.zahnarztpraxis-hufschmidt.de\/index.php?rest_route=\/wp\/v2\/pages"}],"about":[{"href":"https:\/\/www.zahnarztpraxis-hufschmidt.de\/index.php?rest_route=\/wp\/v2\/types\/page"}],"author":[{"embeddable":true,"href":"https:\/\/www.zahnarztpraxis-hufschmidt.de\/index.php?rest_route=\/wp\/v2\/users\/6"}],"replies":[{"embeddable":true,"href":"https:\/\/www.zahnarztpraxis-hufschmidt.de\/index.php?rest_route=%2Fwp%2Fv2%2Fcomments&post=3224"}],"version-history":[{"count":7,"href":"https:\/\/www.zahnarztpraxis-hufschmidt.de\/index.php?rest_route=\/wp\/v2\/pages\/3224\/revisions"}],"predecessor-version":[{"id":3956,"href":"https:\/\/www.zahnarztpraxis-hufschmidt.de\/index.php?rest_route=\/wp\/v2\/pages\/3224\/revisions\/3956"}],"wp:attachment":[{"href":"https:\/\/www.zahnarztpraxis-hufschmidt.de\/index.php?rest_route=%2Fwp%2Fv2%2Fmedia&parent=3224"}],"curies":[{"name":"wp","href":"https:\/\/api.w.org\/{rel}","templated":true}]}}